est common divisor of s and 12?
6
Suppose -2*c + 4*k + 2 = 0, 2*c + c = -5*k + 25. Suppose 0 = -2*y + 2*i + 50, 4*i - 6*i - 90 = -4*y. What is the highest common factor of y and c?
5
Suppose 2 = -4*i + 6. What is the greatest common divisor of i and 4?
1
Suppose -2 = -2*a, -r + 0*a + 5*a + 47 = 0. Calculate the highest common factor of 78 and r.
26
Suppose 0 = f - 3*f - 246. Suppose -54 = 5*z + 36. Let v = z - f. What is the highest common factor of v and 21?
21
Suppose 2*y - 35 = -f - 3*y, -2*f = 4*y - 46. Let k be (0 + 1 - 0)*f. What is the greatest common factor of k and 75?
15
Suppose 2*t = 4, 0*t - 138 = -2*q + t. Let y = 10 - 0. What is the highest common divisor of y and q?
10
Let p(d) = 2*d**2 + 6*d - 5. Let o be p(-10). Calculate the highest common divisor of 27 and o.
27
Suppose -19 - 81 = -2*q. What is the highest common divisor of q and 10?
10
Let t = -123 - -178. Calculate the greatest common divisor of 11 and t.
11
Suppose 216 = 12*i - 3*i. What is the greatest common divisor of i and 16?
8
Let c = -6 + -2. Let x = 8 - c. What is the highest common factor of 32 and x?
16
Suppose -22 = -r - 5*d - 0*d, 4*r - d - 172 = 0. Let m be (-9)/(-24) - (2 + 905/(-40)). What is the highest common divisor of m and r?
21
Let y(f) = f**2 - 8*f. Suppose -3*t + 8 = -2*t. Let b be y(t). Suppose -a + 10 - 3 = b. What is the highest common divisor of 77 and a?
7
Let g(m) = -m**2 + 8*m. Suppose 0 = 2*x + x - 2*t - 28, -t + 13 = 3*x. Let p be g(x). Calculate the greatest common divisor of 36 and p.
12
Let g = 54 - 36. Let v(f) = f**3 - 7*f**2 + 6*f + 6. Let c be v(6). Let y be ((-9)/c)/((-3)/4). What is the greatest common divisor of g and y?
2
Suppose -3*f = -2 - 4. Suppose f*g = -g. Suppose 41 = 4*y + q, y + g*y - q = 14. What is the greatest common divisor of y and 11?
11
Suppose 2*r - 43 = -1. Let p(y) = 16*y**2 - y + 0*y + 3 - y. Let j be p(2). What is the highest common factor of r and j?
21
Let p be 2 + 3 + -1 + -2. Suppose 0 = -4*j + p*j + 24. What is the greatest common factor of j and 3?
3
Suppose 2*f = -0*f + 6. Let y(t) = -t**2 + 3*t - t**3 - 8 - 4*t + 7*t**2 + f*t. Let i be y(6). What is the greatest common factor of i and 20?
4
Let m(s) = 2*s**2 + 20*s - 24. Let o be m(-15). What is the greatest common factor of 14 and o?
14
Suppose -i + 3*i - 12 = 4*y, 4*y = -3*i + 8. What is the highest common factor of 6 and i?
2
Suppose -4*y + 82 = -178. Calculate the greatest common factor of y and 5.
5
Let y(n) = 17*n + 2. Suppose 0*k = -k + 2. Let r be y(k). Let m(h) = -h**3 - 3*h**2 + 3*h. Let b be m(-4). What is the highest common divisor of b and r?
4
Let s = 6 + 10. Let j = -59 - -83. What is the highest common factor of j and s?
8
Suppose -2*f + 45 = 3*f. Suppose 54 = 3*q - 0*q. Suppose 3*r - w + 3 = q, -4*r - 5*w + 39 = 0. What is the greatest common divisor of f and r?
3
Let z be 14/8 + 2/8. Suppose -2*s - s - y = -6, 0 = z*s + 2*y. What is the highest common divisor of 27 and s?
3
Let t(x) = x + 11. Let s be t(0). What is the greatest common factor of s and 1?
1
Let s be 4/(-14) + 1593/63. Calculate the highest common factor of 275 and s.
25
Suppose -12 - 6 = -6*t. Calculate the highest common divisor of t and 15.
3
Let c = -68 + 104. Suppose -2*j = -0*j - 10. Suppose j*y + 0*g + 2*g = 100, -4*g - 16 = -2*y. What is the greatest common divisor of c and y?
18
Suppose -5*p - 5*h + 17 = -3, 0 = p - 4*h - 14. Let s be 361/5 - p/30. Calculate the greatest common factor of 8 and s.
8
Suppose -2*z - z = -12, 5*x - 5*z + 15 = 0. Let a be 1*(x - 10)*-3. Calculate the greatest common divisor of a and 18.
9
Let y be (19 + -3)*(1 - 2). Let j = y + 31. Let u = -324 - -459. What is the highest common divisor of u and j?
15
Suppose 38*q - 27 = 35*q. What is the greatest common divisor of q and 6?
3
Let t be (-9)/12 - (-3015)/20. Let a(k) = -18*k + 7. Let g be a(6). Let o = t + g. Calculate the greatest common factor of 7 and o.
7
Suppose -2*b - 450 = -7*b. What is the greatest common divisor of b and 10?
10
Let t be -4*((-9)/(-6) + 0). Let r be (-9 + 4)*t/5. Let h = r - 4. Calculate the highest common factor of h and 2.
2
Let j = -9 + 11. Suppose 18 = -j*p - 0*p. Let d = p + 17. What is the highest common factor of d and 20?
4
Let c = 1 + -1. Suppose -300 = -c*m - 4*m. Let g = -3 + 18. What is the highest common factor of m and g?
15
Suppose j + 4*r = 37, -4*j - r - 59 = -7*j. Calculate the greatest common factor of j and 14.
7
Let m be (-4)/(4/10*1). Let l be (-464)/m + (-14)/35. What is the greatest common factor of 115 and l?
23
Suppose 103 = -5*t + 383. Let b = t - 16. Calculate the highest common divisor of 5 and b.
5
Let i be 36/(2/(0 + 2)). Let q(s) = -s**2 + 21*s + 4. Let u be q(20). Calculate the highest common factor of u and i.
12
Suppose -p = 4*p - 90. Calculate the greatest common divisor of p and 198.
18
Let y(p) = 3*p**3 - 3*p**2 + 3*p - 3. Let i be y(2). What is the greatest common divisor of i and 255?
15
Suppose -5*t + t + 108 = 0. Suppose -3*c + 6 - t = 0. Let q = c + 22. Calculate the greatest common factor of 105 and q.
15
Suppose -54 = -9*c + 6*c. Calculate the greatest common divisor of c and 126.
18
Let b(n) = n**2 + n + 60. Let k = -9 - -9. Let f be b(k). Calculate the highest common factor of 15 and f.
15
Suppose -44 + 12 = -2*y. Calculate the highest common factor of 80 and y.
16
Let s = -2 + 22. What is the highest common divisor of s and 8?
4
Let z be (6 - 3) + -2 + 370 + 3. Calculate the highest common factor of z and 34.
34
Let x be (-9)/(-2) + (-6)/(-12). Suppose o - 3*q = -0*q - 6, 44 = 4*o + x*q. Calculate the greatest common divisor of o and 2.
2
Let h be 34/10 - 18/45. Let v(g) = -4*g - 1. Let o be v(-1). What is the highest common divisor of o and h?
3
Let p = -49 - -68. What is the greatest common divisor of p and 171?
19
Suppose -h + 4*w + 24 + 62 = 0, 2*h + 4*w - 184 = 0. What is the highest common factor of 10 and h?
10
Let d(x) = x**2. Let m be d(1). Let v = m - -3. Let i = v - 2. What is the greatest common divisor of 4 and i?
2
Let s = -9 + 12. Suppose 0 = -3*u - 5*g + 19, u - s*g - 2*g = 13. Let l(w) = 19*w**2 - 2*w. Let y be l(2). What is the highest common factor of y and u?
8
Let p = 17 - 16. Let z be p - 4 - (-19)/1. Calculate the greatest common factor of z and 176.
16
Let o(v) = 4 - 4*v**3 - v**3 - 4*v**2 + 4*v**3 - 2*v + 12*v**2. Let r be o(6). Calculate the greatest common factor of r and 16.
16
Suppose -4 = -4*m + 2*m. Suppose 4*t - 2*d = 54, 19 + 15 = 4*t + m*d. Calculate the highest common factor of 11 and t.
11
Let r be 0 + -1 - 76/(-19). Calculate the greatest common factor of r and 15.
3
Let c be (-2)/(-6) + (-2)/6. Suppose -k - k + 16 = c. Suppose -2*u = -y - 41, -y = -5*u + 4*y + 105. Calculate the highest common factor of u and k.
4
Let f = -20 + 29. Suppose 5*g + 2*q - 403 = 0, g = -0*g + 4*q + 85. What is the highest common divisor of g and f?
9
Let s = 0 - -3. Suppose -s*d = -7*d + 176. Calculate the highest common divisor of d and 4.
4
Suppose -5*s = -3*a - 134, -5*s + 49 = a - 93. Calculate the highest common divisor of 2 and s.
2
Suppose -2*v - 5*i + 6 = 3, -v = -3*i - 29. What is the greatest common factor of 70 and v?
14
Let m be (-22)/(-1) - (-16 - -18). What is the highest common divisor of 140 and m?
20
Suppose -l + 2*m - 4*m = 4, 3*l = m + 9. Let o(y) = y + 2. Let n be o(l). What is the highest common factor of 28 and n?
4
Suppose 0 = 3*k - v - 401, -3*v + 0*v = -k + 139. Calculate the highest common divisor of k and 19.
19
Let u(m) = -3*m + 1. Let k be u(0). What is the highest common factor of k and 1?
1
Let r be (1 - -2)/3 + 16. What is the highest common divisor of 34 and r?
17
Let j(a) = 2*a - 7. Let r be j(4). Let m(g) = -1 - 3*g - 4 - 1. Let b be m(-5). What is the greatest common factor of r and b?
1
Let u(c) = c**3 - c**2 + 81. Let g = -4 - -2. Let y be 0/(-2 - -2 - g). Let p be u(y). Calculate the greatest common factor of 9 and p.
9
Let r = -28 + 47. Suppose 2*m - 11 = r. Let d(u) = 2*u**2 - 3*u + 6. Let o be d(6). What is the highest common factor of m and o?
15
Let m = -11 + 19. Let f(g) = g**2 + g - 1. Let u be f(2). Suppose 3*y + 11 = -j, 3*y = -2*j + u*j - 15. What is the highest common divisor of j and m?
1
Suppose 3*f - m - 61 - 342 = 0, -274 = -2*f - 2*m. Wha